 n**3. Give s(h).
0
Let n(f) be the second derivative of -f**3/2 - 13*f**2/2 + 190*f. Give n(-6).
5
Let o = 1469 + -1462. Let a(g) be the second derivative of 1/3*g**4 + 3/2*g**2 - 1/2*g**3 + 0 - 1/20*g**5 - o*g. Determine a(3).
3
Let v be 8 + 10/(-20)*(1 - -5). Let n be -8*(-2)/8*v/(-2). Let z(r) = -r**2 - r + 5. Give z(n).
-15
Let q(n) = n**2 + 2*n - 2. Suppose -4*a - 45 = a. Let t be 3/a*(0 - 6). Suppose 2*j = -5*w - 26, 0 = -2*j - 3*j - t*w - 23. Determine q(j).
1
Let q be (-7 - -11) + (2 - 2). Suppose -4*l + 21 = -q*w - 11, 0 = -4*l. Let k(a) = 4*a + 5. What is k(w)?
-27
Let w(q) = q + 4. Let i(m) be the first derivative of -m**4/4 + 4*m**3/3 - 3*m**2 + 3*m - 24. Let u be i(3). Calculate w(u).
-2
Let w(j) be the third derivative of -j**5/60 + j**4/6 + 7*j**3/6 - 18*j**2 - 13*j. Calculate w(5).
2
Let q(n) = n**3 - 4*n**2 - n + 7. Let m be q(4). Let r(o) = m*o - 7*o + 8 + 5*o. Give r(0).
8
Let l(i) = -1 + 3*i - 2*i + 11. Let t(g) = -g**3 + 5*g**2 - 6*g + 8. Let y be t(4). Determine l(y).
10
Let d(i) = -2*i**2 + 15*i - 8. Suppose 5*a = 24*a - 190. Calculate d(a).
-58
Let n(s) = 4*s**2 - 8*s**2 - 4*s - s**2 - 2 + 6*s**2. Let c be 3 - (-123)/(-21) - (-7)/(-49). Calculate n(c).
19
Let q = -18 + 18. Let s(b) be the second derivative of b**5/60 - b**4/24 + 5*b**3/6 + 3*b**2/2 - 2*b. Let j(v) be the first derivative of s(v). Calculate j(q).
5
Let c(d) = -d**3 + 8*d**2 - 8*d + 3. Let m be (198/(-55))/(18/(-30)). What is c(m)?
27
Let r be ((-13)/26)/((-1)/(-2)). Let v(j) = -15*j**3 + 2*j**2 + j. Determine v(r).
16
Let y(p) = -p**2 + 4*p + 0*p**2 + p. Suppose 30 = -4*r + a - 3*a, 5*r + 10 = 3*a. Let n be 5 + -3 - 1 - r. Determine y(n).
-6
Let z(w) = -15*w. Let i(s) = -91*s + 16. Let g(u) = i(u) - 6*z(u). What is g(14)?
2
Let u(h) = h**3 + 6*h**2 + 7*h + 5. Suppose -4*x - 3*f = -7, -x + f - 2*f + 1 = 0. Let k be ((-18)/(-8) + -2)*0. Suppose p + x = -k*p. Give u(p).
9
Let m(q) = 2*q**3 + 4*q**2 + 6*q + 3. Let n(u) = 7*u + 4*u**2 + 3 - 4*u + 3*u**3 + 3*u. Let g(c) = 4*m(c) - 3*n(c). Give g(5).
8
Let c be 3 + (-2 - (-44)/4). Let s(l) = -l**3 + 11*l**2 + 12*l - 4. Determine s(c).
-4
Let s(k) = -2*k**3 - 5*k**2 - 6*k - 4. Let n(w) = 3*w**3 + 6*w**2 + 7*w + 5. Let h(z) = 3*n(z) + 4*s(z). Let i = -452 + 450. Give h(i).
-11
Let r(s) = 7*s - 3. Suppose -4*v = 3*z + z + 4, -v - 5 = 2*z. Give r(v).
18
Let l(v) be the first derivative of v**2 - 2. Let n be 13 - 24 - (1 - 10). Determine l(n).
-4
Let r be 30/14 - (8 - 715/91). Suppose 8*j - 5 = 3*j. Let b(w) = w + w - j - w**3 - 2. Calculate b(r).
-7
Let t be 2*-2*2/(-4) + -2. Suppose 2*g - 2*i - 4 = t, 0 - 10 = 3*g + 5*i. Let k(b) = b**3 + b**2 - b + 2. What is k(g)?
2
Let b(w) = -3*w - 5. Let g(r) = 13*r - 5. Let p be g(0). Give b(p).
10
Let h(k) be the first derivative of k**2/2 - 3*k - 15. Let x be h(9). Let l(d) = d**2 - 3*d - 2. Determine l(x).
16
Let d(r) be the second derivative of 7/12*r**4 - 7*r - 1/6*r**3 - 5*r**2 + 0 + 1/20*r**5. Calculate d(-7).
-3
Let t = -26 + 43. Let k(r) = -r**3 + 18*r**2 - 17*r - 3. Let a be k(t). Let p(z) = z**3 + 2*z**2 - z - 1. What is p(a)?
-7
Let x(g) be the third derivative of 0 - 1/24*g**4 - 11*g**2 + 0*g + 1/3*g**3. Suppose -5*r + 5*n = -15, -4*n - 28 = 7*r - 3*r. What is x(r)?
4
Let c(l) = -9681 + 19293 - 9688 + 19*l. Calculate c(4).
0
Let x(r) be the first derivative of -r**4/4 - 10*r**3/3 + 11*r**2/2 + 2*r - 130. Give x(-11).
2
Suppose 0 = 18*u - 22*u - 88. Let i = u - -21. Let z(r) be the first derivative of -r**3/3 - r**2 - r - 3. Give z(i).
0
Let p be 20*((-14)/4 - -3). Let h(w) = 2*w**2 + 13*w - 4. Let x(i) = -i**2 - 7*i + 2. Let m(l) = -3*h(l) - 7*x(l). Give m(p).
-2
Let z(t) = 4*t**2 - 6*t + 4. Let b(s) = -2*s**2 + s. Let x(j) = -3*b(j) - z(j). Determine x(5).
61
Let o(g) = -g**3 - 8*g**2 + 10*g + 9. Let p = -13 - -4. Give o(p).
0
Let y(s) = -5 + 4 + 4*s**2 + s**3 - 55*s - 4 + 50*s. Suppose q + 4*f = 8, -11 = -q + 10*f - 15*f. What is y(q)?
15
Let h(t) = 3*t + 2. Suppose 21 - 3 = 3*r. Let w(d) = d - 12. Let i be w(r). Let n = 3 + i. Calculate h(n).
-7
Let i(d) = 3*d**2 - 9*d - 10. Let t be i(5). Let p be 42/(-4)*t/(-35). Let a(u) = -u**3 - u - 14 + 14 + 6*u**2. Give a(p).
-6
Let u(r) be the second derivative of -1/2*r**3 + 1/4*r**4 - 3/2*r**2 + 1/20*r**5 + 0 + 4*r. Let x(j) = j - 11. Let t be x(7). Determine u(t).
-7
Let g(r) = r**2 + 2*r + 2. Let p be (3 + 4/(-8))/(1/(-2)). What is g(p)?
17
Let g(l) = 40*l**2 - l - 1. Let b(t) = -t**2 + 3. Let x be b(2). Determine g(x).
40
Let i(a) = 0*a**2 + 0*a**2 + a**2 - a - 3. Let d = -506 - -506. Give i(d).
-3
Let o = 658 + -656. Let p(l) = -9*l - 2. Determine p(o).
-20
Let i(p) = -p**2 + 3*p + 5. Let h be (-4)/(-10) + (1 - (-162)/45). Calculate i(h).
-5
Let c(h) = h**2 - h + 2. Let a(z) = z**3 - 5*z**2 + 7*z - 1. Suppose 8 = o - 4. Let d = o + -9. Let r be a(d). Determine c(r).
4
Let o(z) be the first derivative of -z**4/4 - 8*z**3/3 + 5*z**2 + 4*z + 15. Let i be o(-9). Let l(j) = j**2 + 6*j - 2. Calculate l(i).
-7
Let z = 72 - 77. Let b(l) = -l - 3. Let x(i) = -3*i - 10. Let r(t) = -11*b(t) + 4*x(t). Let u be r(z). Let o(f) = f**3 + f**2 - 2*f. Calculate o(u).
0
Let t(o) = o + 4. Let m = 29 + -25. Suppose m*u + 1 = 13. Calculate t(u).
7
Suppose 0 = 2*z + 4 + 2. Let b(i) be the second derivative of 20*i + 0 + 1/12*i**4 - 1/6*i**3 + 1/2*i**2. Calculate b(z).
13
Let l(i) be the third derivative of -i**6/40 - i**5/30 + i**4/8 + i**3/2 - 410*i**2. Determine l(-2).
13
Let p(g) = g**3 - 8*g**2 + g - 8. Let v = 45 - 37. What is p(v)?
0
Let r(o) = -29*o - 1. Let x be -3*(70/(-15))/14. What is r(x)?
-30
Let i(x) = x**3 + 5*x**2 - 3*x - 16. Let d(c) = 43*c + 253. Let y be d(-6). What is i(y)?
-1
Let a(s) = 5*s**3 - 7*s**2 + 13*s + 11. Let c(h) = -4*h**3 + 8*h**2 - 12*h - 10. Let f(v) = -3*a(v) - 4*c(v). Give f(10).
-3
Let s(m) = -13*m**2 + 12*m + 0 - 3 - m**3 + 1 - 34*m. Give s(-11).
-2
Let a(p) = -6*p + 0*p**2 + 3*p**2 + 15 + 0*p**2 + 2*p**3 - 7. Let h(z) = 3*z**3 + 5*z**2 - 9*z + 12. Let n(m) = -7*a(m) + 5*h(m). Give n(-5).
-6
Let s = 52 - 19. Let t = s + -40. Let d(y) = 2*y - 5. Give d(t).
-19
Let u(y) = -4 + 0*y - 5*y + 7*y. Let j = 41 - 35. Give u(j).
8
Suppose 2*o - g = 15, 4*g + 11 = -3*o + 6. Let l(m) = -m - 5. Determine l(o).
-10
Let c be -3*(-1)/3*1. Let u be ((-2)/(-4))/(c/(-8)). Let t(n) = 0*n**2 + 3*n**3 - 3*n**2 - 2 + n - 2*n**3 + 7*n**2. Calculate t(u).
-6
Suppose 4 = -4*r - 32. Let s be (-14)/63*r - (1 - 1). Let d(t) = -4*t**2 - t + 1. Give d(s).
-17
Let u(f) = -3*f - 3. Let l(t) = -3*t + 24. Let r = 59 + -50. Let b be l(r). Determine u(b).
6
Let i(z) = 4*z**3 + 3*z**2 - 2*z - 2. Let j be -14*(-6)/(-42)*-1. Determine i(j).
38
Let l(f) be the third derivative of 1/120*f**6 + 0*f**4 - 1/3*f**3 + 0*f - 1/60*f**5 + 3*f**2 + 0. Determine l(2).
2
Let z be 3/(5 - 252/45). Let j(u) = -u**3 - 4*u**2 + 2*u + 7. What is j(z)?
22
Let f(j) be the third derivative of 3*j**4/8 + 8*j**3/3 + 3*j**2 + 35. What is f(-2)?
-2
Suppose -4*n = 3*h + 54 - 7, 4*n = -20. Let j(u) be the first derivative of -u**3/3 - 4*u**2 + 10*u - 5. What is j(h)?
1
Let l be (2 - 3)/((-14)/(-238)). Let k(x) = x**3 + 16*x**2 - 17*x + 2. Determine k(l).
2
Let o = 0 + 0. Let k(b) be the first derivative of o*b + 1 + 1/2*b**2. Give k(-2).
-2
Let z(g) = -g**2 + 12*g + 10. Let w(s) = -s**2 - 14*s + 12. Let v be w(-14). What is z(v)?
10
Let j(m) = 5*m**2 + 7*m + 3. Let h(v) = -v**3 - 5*v**2 - 3*v - 17. Let s be h(-5). Let c(g) = -g**2 - 2*g - 1. Let t(o) = s*j(o) - 9*c(o). Determine t(4).
3
Let n(i) be the first derivative of i**4/4 - 2*i**3 + 3*i**2 - 7*i - 110. What is n(5)?
-2
Let z(w) be the first derivative of w**4/4 - w**3/3 + 2*w + 34. Calculate z(0).
2
Let y(c) be the second derivative of -c**3/6 + 5*c**2/2 + 4*c + 23. Give y(5).
0
Let a(i) = 3*i - 5. Let q(u) be the first derivative of -2*u**2 + 5*u - 36. Let j(v) = 5*a(v) + 4*q(v). Calculate j(-6).
1
Let j(c) = -77*c**3 + 2*c**2 + 2*c + 3. Let z(t) = 39*t**3 - t**2 - t - 2. Let y(n) = 3*j(n) + 5*z(n). What is y(1)?
-35
Let o(w) = 117 - 211 + 82 - 2*w. Determine o(-9).
6
Let o(i) = i**2 - 7*i + 11. Let n(f) = f**2 + 16*f - 27. Let g be n(-18). Give o(g).
29
Let q(t) = t**3 + 6*t**2 - 2*t - 8. Suppose -51 = -z + 21. Let k be (-16)/z - 20/(-9). Suppose k*v + 16 = -4*s, -3*s - v - 9 - 5 = 0. Calculate q(s